ndreds digit of 3405115814?
8
What is the hundreds digit of 6448580453?
4
What is the hundreds digit of 86336523?
5
What is the ten millions digit of 243505857?
4
What is the millions digit of 11269339?
1
What is the millions digit of 219921887?
9
What is the tens digit of 477150792?
9
What is the ten millions digit of 1477227793?
7
What is the thousands digit of 447228859?
8
What is the ten thousands digit of 53309944?
0
What is the thousands digit of 208871654?
1
What is the hundred thousands digit of 865316038?
3
What is the ten millions digit of 2409805017?
0
What is the ten thousands digit of 1801835216?
3
What is the ten millions digit of 14012813?
1
What is the hundred thousands digit of 281436956?
4
What is the units digit of 342758847?
7
What is the ten thousands digit of 27371944?
7
What is the units digit of 38201635?
5
What is the ten thousands digit of 64616230?
1
What is the hundred millions digit of 240395643?
2
What is the thousands digit of 33211275?
1
What is the hundred thousands digit of 27075257?
0
What is the billions digit of 1001015657?
1
What is the hundred thousands digit of 6730810?
7
What is the thousands digit of 310644336?
4
What is the hundreds digit of 55618124?
1
What is the units digit of 831321805?
5
What is the thousands digit of 4429956522?
6
What is the tens digit of 726458560?
6
What is the ten millions digit of 187424801?
8
What is the tens digit of 310490008?
0
What is the hundreds digit of 9624034?
0
What is the units digit of 1102973166?
6
What is the millions digit of 18541899?
8
What is the units digit of 70352227?
7
What is the ten thousands digit of 1177315345?
1
What is the hundred thousands digit of 12846376?
8
What is the ten thousands digit of 2585104613?
0
What is the ten millions digit of 172550709?
7
What is the millions digit of 3486477631?
6
What is the tens digit of 367350230?
3
What is the hundreds digit of 404319936?
9
What is the thousands digit of 27801151?
1
What is the ten thousands digit of 2585814?
8
What is the hundred thousands digit of 65512772?
5
What is the thousands digit of 26535548?
5
What is the ten thousands digit of 150640320?
4
What is the ten thousands digit of 140298549?
9
What is the ten millions digit of 1932509162?
3
What is the tens digit of 1495113003?
0
What is the hundred thousands digit of 144601666?
6
What is the hundred thousands digit of 170102215?
1
What is the hundreds digit of 17012970?
9
What is the hundred millions digit of 267471532?
2
What is the hundreds digit of 450628855?
8
What is the hundred millions digit of 564348959?
5
What is the ten millions digit of 211931962?
1
What is the ten millions digit of 3175295889?
7
What is the hundred thousands digit of 313222735?
2
What is the units digit of 4676028059?
9
What is the units digit of 360020988?
8
What is the ten thousands digit of 613185205?
8
What is the thousands digit of 175309950?
9
What is the hundreds digit of 26802417?
4
What is the ten thousands digit of 867928951?
2
What is the units digit of 6663352668?
8
What is the thousands digit of 692525771?
5
What is the hundred thousands digit of 28526932?
5
What is the units digit of 1130007530?
0
What is the units digit of 5435405808?
8
What is the hundred thousands digit of 260322594?
3
What is the tens digit of 14310318?
1
What is the hundred thousands digit of 260287719?
2
What is the ten millions digit of 56665426?
5
What is the hundred millions digit of 696791981?
6
What is the thousands digit of 4570611?
0
What is the thousands digit of 39938667?
8
What is the tens digit of 312878640?
4
What is the thousands digit of 598012409?
2
What is the hundred millions digit of 1462003852?
4
What is the millions digit of 179275202?
9
What is the hundred millions digit of 2216274106?
2
What is the ten millions digit of 3987121935?
8
What is the hundreds digit of 302491188?
1
What is the units digit of 3314879479?
9
What is the ten millions digit of 7310967807?
1
What is the hundred thousands digit of 3008135150?
1
What is the thousands digit of 21839434?
9
What is the hundred thousands digit of 48445056?
4
What is the tens digit of 141105030?
3
What is the hundred thousands digit of 26077210?
0
What is the ten millions digit of 50077833?
5
What is the tens digit of 309175268?
6
What is the hundreds digit of 7446995123?
1
What is the ten thousands digit of 108937833?
3
What is the millions digit of 1661037944?
1
What is the millions digit of 55740262?
5
What is the ten millions digit of 70763904?
7
What is the hundreds digit of 28768025?
0
What is the tens digit of 197898768?
6
What is the millions digit of 110992525?
0
What is the millions digit of 56903562?
6
What is the millions digit of 202723240?
2
What is the hundreds digit of 656824310?
3
What is the units digit of 2037724123?
3
What is the tens digit of 17317671?
7
What is the hundred thousands digit of 4763652143?
6
What is the tens digit of 369989758?
5
What is the thousands digit of 182072643?
2
What is the ten thousands digit of 5154420?
5
What is the hundred thousands digit of 297053585?
0
What is the ten thousands digit of 73472723?
7
What is the ten thousands digit of 58333661?
3
What is the ten thousands digit of 298948869?
4
What is the hundred thousands digit of 93157621?
1
What is the tens digit of 22970479?
7
What is the ten millions digit of 3312405178?
1
What is the hundred millions digit of 4991792970?
9
What is the ten thousands digit of 69300362?
0
What is the ten thousands digit of 2698318918?
1
What is the billions digit of 2604622246?
2
What is the ten thousands digit of 2933249?
3
What is the ten thousands digit of 1233459307?
5
What is the thousands digit of 116947530?
7
What is the tens digit of 22030094?
9
What is the millions digit of 1918091946?
8
What is the hundreds digit of 397405283?
2
What is the millions digit of 924042620?
4
What is the millions digit of 116476469?
6
What is the hundred millions digit of 1472879985?
4
What is the units digit of 105610109?
9
What is the ten millions digit of 37153794?
3
What is the hundreds digit of 98050606?
6
What is the tens digit of 47029605?
0
What is the hundred thousands digit of 869441358?
4
What is the thousands digit of 858046519?
6
What is the hundreds digit of 116646223?
2
What is the hundred thousands digit of 1792403759?
4
What is the billions digit of 8060078387?
8
What is the hundred thousands digit of 68390592?
3
What is the hundred millions digit of 108151072?
1
What is the ten millions digit of 167875531?
6
What is the ten millions digit of 331253939?
3
What is the millions digit of 425096938?
5
What is the hundred thousands digit of 2504938201?
9
What is the hundreds digit of 6365674?
6
What is the hundreds digit of 2821443503?
5
What is the tens digit of 568379700?
0
What is the tens digit of 60702743?
4
What is the units digit of 75430712?
2
What is the millions digit of 177383281?
7
What is the tens digit of 37899005?
0
What is the millions digit of 316004578?
6
What is the thousands digit of 179769903?
9
What is the ten thousands digit of 436734610?
3
What is the thousands digit of 551741533?
1
What is the thousands digit of 154742754?
2
What is the thousands digit of 47284202?
4
What is the hundred thousands digit of 928477557?
4
What is the billions digit of 1194880024?
1
What is the hundred thousands digit of 114449377?
4
What is the hundred thousands digit of 301610316?
6
What is the ten millions digit of 389955607?
8
What is the ten millions digit of 346753187?
4
What is the millions digit of 16936734?
6
What is the hundred thousands digit of 146040069?
0
What is the ten millions digit of 713206080?
1
What is the tens digit of 430818837?
3
What is the units digit of 1325073666?
6
What is the ten thousands digit of 171403089?
0
What is the tens digit of 1369016592?
9
What is the units digit of 181292978?
8
What is the hundreds digit of 2472508573?
5
What is the millions digit of 603306580?
3
What is the billions digit of 2373594475?
2
What is the thousands digit of 9857598?
7
What is the tens digit of 431090529?
2
What is the thousands digit of 4713899282?
9
What is the ten thousands digit of 110708600?
0
What is the hundred thousands digit of 2445320?
4
What is the hundreds digit of 9624997?
9